ist the prime factors of r(s).
2, 5, 7
Let z(p) = -p**2 - 3*p + 115. Let j be z(10). What are the prime factors of (-66)/(-8) + j/(-20) + -1?
2
Let a(h) = -h**2 + 13*h - 16. Let i be a(11). What are the prime factors of 105/i - (15/6 - 4)?
19
Suppose 3*q = -3*v - 18, 5*v + 9 = -2*q + 4*q. Let t(p) = -8*p + 11*p**2 + 4*p + 845 + 843 - 1687. What are the prime factors of t(v)?
2, 7
Let z(t) = 52*t**3 + 168*t**2 - 7*t + 3. List the prime factors of z(9).
2, 3, 67
Suppose -17 + 122 = -5*r. Let b = -151 - r. What are the prime factors of (-52)/b + (376/5)/2?
2, 19
Let r be (-1)/(-2)*(1014 - -4). Suppose -141*g = -134*g. Suppose 4*n - 5*z = r, g = -3*n + 2*z - 6*z + 343. List the prime factors of n.
11
Let p be (-4 - -2) + (9 - 2). Suppose -p*c + 5*q = -875, -2*c - 3*q + 0*q + 325 = 0. Suppose -2*u + c = 2*t, -1 = 3*t - 4*u - 263. List the prime factors of t.
2, 43
Let n(a) = 2*a**2 - a - 10. Let m(w) = 5*w**2 - 3*w - 29. Let r be (-2)/(50/(-15))*-5. Let z(q) = r*m(q) + 8*n(q). What are the prime factors of z(8)?
79
Let w(n) = 2*n**3 + 2*n**2 - 2. Let v be w(1). Suppose 0 = 3*i + 4*f - 798, 4*i - 904 - 138 = v*f. What are the prime factors of i?
2, 131
Let q = 411 + -293. Suppose -48 + q = a. What are the prime factors of a?
2, 5, 7
What are the prime factors of (2050/200)/((-1)/(-556))?
41, 139
Suppose 9 = 8*n - 7*n. What are the prime factors of (1551/n - -1)/((-5)/(-15))?
2, 5, 13
Let g(z) = z**3 + 36*z**2 + 24*z - 148. What are the prime factors of g(-21)?
67, 89
Let j be 1*4*(2 - (-25)/(-10)). What are the prime factors of ((-19596)/(-46))/(-1 + (-4)/j)?
2, 3, 71
Suppose 0 = -3*y - 34 + 592. Let t = -147 + y. List the prime factors of t.
3, 13
Let i = 202 + 129. Suppose i = 5*a - 169. What are the prime factors of a?
2, 5
Suppose 0 = h - 4*j - 5582, -86*h - 5*j + 11138 = -84*h. What are the prime factors of h?
2, 3, 929
Suppose -3*o + 5*u = -1380, 4*o = 4*u + u + 1840. Suppose 168 = r - 3*w, 4*r = -2*w + 268 + o. List the prime factors of r.
2, 3, 5
Let s be (9/6)/(3/(-16)). Let w(u) = 62293*u**2 - 2*u + 4 - 62291*u**2 + 5*u. What are the prime factors of w(s)?
2, 3
Suppose 2*l + 28 + 6 = 4*x, -3*x = -2*l - 35. What are the prime factors of (l/(-2))/((-11 + 4)/(-56))?
2, 19
Suppose 46*y = -2*l + 49*y + 2935, -4*y + 5880 = 4*l. What are the prime factors of l?
13, 113
Let d(t) = -2*t**3 + 2*t**2 + 9*t + 60. Suppose -30*b + b - 174 = 0. List the prime factors of d(b).
2, 3, 5, 17
Let b(l) be the third derivative of 2*l**4/3 + 5*l**3/6 - 20*l**2. What are the prime factors of b(27)?
19, 23
Let q be (3/4)/(-4 + 588/144). What are the prime factors of (220/(-5 + 9))/(q/135)?
3, 5, 11
Suppose -1076902 - 341782 = -62*k. List the prime factors of k.
2, 17, 673
Suppose 2*g - 5*o + 260 = 0, -11*o + 684 = -5*g - 7*o. What are the prime factors of ((-327)/35 - 20/g)*-55?
2, 11, 23
Let r be (2 - (-21)/(-10)) + 543/30. Suppose 1129 = r*y - 329. List the prime factors of y.
3
Suppose 7*l - 10*l + 4*a + 66 = 0, -5*l = a - 87. Suppose l*i - 28433 = -65. List the prime factors of i.
2, 197
Suppose -2*v - 3*v = v. Let c be v*(3 - (-40)/(-12)). Suppose 5*l + c*h = h + 669, -407 = -3*l - 5*h. What are the prime factors of l?
2, 67
What are the prime factors of 195/260*28/(-3) - 8016/(-2)?
4001
Let b(a) = 120*a**2 + a - 3. Let n be b(-2). Let v = -268 + n. Suppose 0 = 3*x - 6*x + v. List the prime factors of x.
3, 23
Let q = -7982 + 18343. What are the prime factors of q?
13, 797
Suppose 89*g + s - 123198 = 85*g, g + 2*s = 30796. What are the prime factors of g?
2, 5, 7, 11
Let r(a) = 5*a - 2 + 1 - 25*a**3 + 63*a**3 + 61*a**3 - 3*a**2. Let s be r(1). What are the prime factors of (s/26 - 4) + (-2942)/(-26)?
113
Let r = 8 + -11. Let b be 11 + (r - 1) - 3. What are the prime factors of ((-80)/(-12))/(b/12)?
2, 5
Let z = -30 + 34. Suppose 5*b - 4*y = -560, -z*y + 212 = 2*b - 4*b. List the prime factors of -3*(-4)/(-48)*(b - 0).
29
Let a(j) be the second derivative of -j**5/10 - j**4/2 - 11*j**3/6 + 27*j**2/2 - 3*j - 37. What are the prime factors of a(-8)?
5, 151
Let f(r) = -r**2 - r. Let j(o) = -o**2 - 32*o - 16. Let g(w) = -f(w) - j(w). Let v(a) = -2*a**2 + 3*a - 8. Let d be v(3). List the prime factors of g(d).
3, 11
Let i(k) = -62*k**3 + 4*k**2 - 2*k - 3. Let m(x) = -x**2 + x + 1. Let h(j) = i(j) + 5*m(j). List the prime factors of h(-2).
2, 61
Let k be (1*641)/(7/(-126)). What are the prime factors of 12/(-8) + k/(-12)?
2, 3, 5
Let v = 1451 - 2691. Let o = 1883 + v. List the prime factors of o.
643
Let t be 300/40*(1/(-3) - -1). Suppose -7*s - t - 9 = 0. Let k = s + 18. What are the prime factors of k?
2
Let u(w) = -w**3 + 6*w**2 - 7*w - 14. Let x be u(5). Let q = 272 + x. List the prime factors of q.
2, 31
Suppose 17*j + 202*j - 1121302 = 37*j. What are the prime factors of j?
61, 101
Let z = 260 + -257. Suppose -5*i + z*m - 5*m + 1931 = 0, 2*m = 3*i - 1149. List the prime factors of i.
5, 7, 11
Suppose -3*c + 5*t - 20 = -6*c, 20 = c - t. Let j = c - 15. List the prime factors of 83 - (j - 6 - 10/(-5)).
3, 29
Suppose 3*h = 4*b - 12078 - 72448, b = -3*h + 21109. List the prime factors of b.
37, 571
Let v(f) = -f**3 + 9*f**2 - 7*f - 15. Let m be v(8). List the prime factors of ((-7)/1)/m + 414.
5, 83
Let p be (-124)/6 + 128/192. Let x(q) = q + 0*q + 15 + 11. List the prime factors of x(p).
2, 3
Let v be (1 + 23/3)*90/(-60). Let c(j) = j**2 - 7*j + 41. What are the prime factors of c(v)?
7, 43
Let i be 4362/24 - 2/(-8). Suppose h = 18 + i. Suppose -5*w = 2*c - 103 - 125, -5*w + 5*c = -h. List the prime factors of w.
2, 11
Let g be (9/12*12)/((-4)/(-8)). Let t(x) = -x**3 + 18*x**2 + 5*x - 17. What are the prime factors of t(g)?
73
Let t = 59 - 54. Let v be 288/5 + t/(100/8). Let a = v + -11. List the prime factors of a.
47
Suppose 0 = -5*w - 3 + 23. Let r be 252/30 - w - (-3)/5. Suppose 202 = 3*l - 0*g + 4*g, -r*l = 2*g - 332. What are the prime factors of l?
2, 3, 11
Let y = -114 - -134. Suppose y*u = 22*u - 182. Suppose -109 = -4*l + u. What are the prime factors of l?
2, 5
Let c(y) = -7*y**2 + y**2 + 11*y**2 + 34*y - 126*y + 53. What are the prime factors of c(25)?
2, 439
Let k be ((10/(-8))/1)/((-3)/(-12)). Let g be (-1)/(k/10) + (-63)/1. Let w = g - -124. List the prime factors of w.
3, 7
Let m = 183 + -178. Suppose -3*j = m*s - 99, 41*j - 2*s = 37*j + 106. List the prime factors of j.
2, 7
Let o = 380 - 368. Suppose 3*t - o*t = -3483. What are the prime factors of t?
3, 43
Suppose 0 = -480*y - 2770984 + 7867727 + 4182617. What are the prime factors of y?
2, 3, 179
Let o(k) = -25 + k**2 + k - 35 + 6 - 15. What are the prime factors of o(16)?
7, 29
Suppose 4*u - 27609 = -3*c, 47403 = 4*c - 5*u + 10622. What are the prime factors of c?
9199
Let y be (-1 - 2)/1*1695/(-45). Let x = 107 - y. What are the prime factors of 272*1 + x + 10?
2, 3, 23
Let v = 7127 + -541. List the prime factors of v.
2, 37, 89
Let m(o) be the second derivative of 169*o**3/6 + 4*o**2 - 8*o. Let l be m(3). Let s = l - 357. What are the prime factors of s?
2, 79
List the prime factors of (-97 - -69)*(-70 + (-3)/3).
2, 7, 71
Let t(g) = -136*g - 6. Suppose -f = -13*z + 12*z - 11, -f = 2*z + 16. What are the prime factors of t(z)?
2, 3, 7, 29
Suppose 0 = 5*l - 100 + 335. Let p = l - -35. What are the prime factors of 9/p + 1235/20?
61
Let k(y) = -y + 16. Let x be k(0). Let h(v) = -5*v - 23*v**2 + 0 + 26*v**2 + x*v + 5. What are the prime factors of h(-8)?
109
Suppose -w = -8*w - 28. Let o = -126 + 123. List the prime factors of o + 33 - (-2)/w*-4.
2
Suppose 3 - 9 = -l. Let h be 47/3 + (l/(-9) - -1). Suppose -2*b = h - 214. List the prime factors of b.
3, 11
Let y(g) = 4*g + 54. Let b be y(-12). Suppose b*w - 56 = 10*w. What are the prime factors of 151/2 - 7/w?
2, 19
Let o be 50/(-4) + (-1)/(-2). Let i be (336/30 - 12)*(-165)/6. Let l = o + i. What are the prime factors of l?
2, 5
Let i(d) be the first derivative of d**3 + 25*d**2/2 - 154*d - 143. What are the prime factors of i(-24)?
2, 487
Let z = 54221 - 21486. What are the prime factors of z?
5, 6547
Suppose 3*y = 5*k - 90, 0*k = -k + y + 20. Suppose u + k = 230. What are the prime factors of u?
5, 43
Let b be ((-33)/(-3) + -16)*6/10. What are the prime factors of b + 415 + -4 + -6?
2, 3, 67
Suppose 4*t - 8656 = w, -t - 42*w + 2164 = -4